uppose 2*i + 59 - 37 = 0. Let z = 28 + i. Calculate the highest common factor of 459 and z.
17
Let j(m) = -14*m - 8. Let h be j(19). Let a = 314 + h. What is the highest common factor of 160 and a?
40
Let f = 3136 - 3089. What is the greatest common factor of f and 5358?
47
Let d be (-15)/(-30) + 41/2. Let f(q) = q + 2. Let v(x) = 17*x + 124. Let l(z) = 6*f(z) - v(z). Let h be l(-35). Calculate the highest common factor of h and d.
21
Suppose -133*t = 134*t - 276*t + 702. Calculate the greatest common factor of t and 20436.
78
Suppose 2*d - 6 = 20. Let b = 8118 - 7403. Calculate the greatest common divisor of d and b.
13
Suppose n = 3*h - 82, -n + 3*h - 364 = 3*n. Let p = n - -113. Calculate the highest common divisor of 76 and p.
19
Let q be 18/(-4) - 2/(-4). Let c be -18*1/q*2. Let g be 162/(-12)*100/(-30). What is the greatest common divisor of c and g?
9
Suppose -679 = -13*u + 1232. Let j be (-3)/12 - u/(-28). What is the greatest common factor of 15 and j?
5
Suppose -h = 1, -2*i + 324*h = 327*h - 77. Let o be 4 + 26 + (1 + 2 - 1). What is the highest common divisor of o and i?
8
Suppose 3*v + o = 9, 2*v + 3 = 3*v - 4*o. Suppose -350 = -4*d - h, v*d - 5*h = 2*d + 98. What is the greatest common factor of 22 and d?
22
Let p = 13124 + -11769. What is the highest common divisor of p and 55?
5
Let n(m) = 3*m**2 + 44*m + 38. Let x be n(-21). Let t = 467 - x. What is the greatest common factor of 645 and t?
15
Let f = 98 + -91. Suppose 33 = 3*h + 5*v, v - 22 = -2*h - f. Suppose 0 = 12*g + h - 54. Calculate the greatest common factor of 52 and g.
4
Let a be (140/8)/((-1)/(-2)). Suppose -a*k - 28 = -33*k. Let h be (-102)/k + -3*6/63. Calculate the greatest common factor of h and 49.
7
Suppose 21*f + 67*f - 46463 = 9593. What is the highest common divisor of f and 455?
91
Let b = 272 + -264. Suppose -4*g = -3*y + b, 10*g + 11 = 4*y + 5*g. What is the greatest common factor of y and 100?
4
Let v = -944 - -972. Calculate the highest common divisor of v and 3584.
28
Let q be (70/(-4))/(-5)*10. Let v = 4737 + -4722. Calculate the highest common divisor of v and q.
5
Suppose d = -9 + 25. Let h = 759 + -475. Suppose 108 = -t + h. Calculate the greatest common divisor of d and t.
16
Suppose -v + 6 = k, v + 11*k + 6 = 14*k. What is the highest common divisor of v and 909?
3
Let t(s) = 2*s + 16. Let v be t(3). Let k be v - 1*-2*10/(-4). What is the greatest common divisor of k and 34?
17
Suppose -58*r + 18809 = 168*r - 81083. Calculate the greatest common factor of r and 702.
26
Let t = -758 + 804. Suppose 0 = -5*b - t*l + 44*l + 4117, -4 = l. What is the greatest common factor of 33 and b?
33
Suppose -5*g - 3*x + 234 = 0, x - 3 = -0. Suppose 2*c - 5 = -9*b + 6*b, 0 = 5*c + b - g. Calculate the highest common divisor of c and 65.
5
Let h = 72 - 30. Suppose 10*x - 12 = 6*x. Suppose -2*w - 3*u = -50, u + 2*u - 78 = -x*w. Calculate the greatest common divisor of w and h.
14
Let p(a) = 95*a**2 - 35*a + 727. Let j be p(9). What is the greatest common factor of j and 268?
67
Let x = -472 + 499. Let m(c) = c**3 - 2*c**2 - 11*c + 3. Let z be m(6). What is the greatest common divisor of x and z?
27
Suppose -4*l - 4*y = -y + 93, 4*l = -2*y - 90. Let r be (18 + 0)*(-63)/l. Calculate the greatest common factor of r and 6.
6
Let l = -3501 + 3557. Calculate the highest common divisor of l and 21224.
56
Suppose -3*r + d = -r + 17, 4 = 4*d. Let i be (-762)/r - ((-21)/12 + 1). Calculate the greatest common divisor of i and 36.
12
Let h(b) = -20*b - 26. Suppose q + 49 - 57 = 0. Suppose 9*g + 9 = q*g. Let m be h(g). Calculate the highest common factor of m and 14.
14
Suppose 966 = 18*f - 4*f. Let c = 117 - f. What is the greatest common factor of c and 84?
12
Let h(r) = -2*r**2 - 20*r + 57. Let s be h(-12). What is the greatest common factor of s and 423?
9
Let n(p) = 94*p**2 - 103*p + 634. Let f be n(6). What is the greatest common factor of 51 and f?
17
Let u be (5 + (-3)/(-12))*68 - (3 - 11). What is the highest common factor of 115 and u?
5
Let l(x) = x**3 - 1. Let z(t) = -5*t**3 - 3*t**2 + 7*t + 1. Let r(w) = -3*l(w) - z(w). Let i be r(2). What is the highest common divisor of i and 240?
16
Let j be 5 - 78*86/(-12)*8. Calculate the highest common divisor of j and 111.
37
Let p be (-6)/(-9)*48/(1 + 1). Let h(x) = x**2 - 18*x + 40. Let i be h(p). Calculate the greatest common factor of 124 and i.
4
Suppose f + 0*q - 5095 = -5*q, -4*f + 3*q + 20311 = 0. What is the greatest common factor of f and 40?
40
Let h(z) = -4*z**2 - 20*z + 50. Let r(t) = -9*t**2 - 39*t + 97. Let g(o) = -7*h(o) + 3*r(o). Let i be g(-27). What is the greatest common factor of i and 637?
49
Suppose 2*s - 5*l + 278 = 3*s, 3*s = 3*l + 816. Calculate the highest common factor of 87360 and s.
273
Let d(x) = -17*x**3 + 3*x**2 - 3*x + 1. Let h be d(1). Let o be (20/h)/(3/(-12)*1). Let w be ((-4)/o)/(1/(-25)). What is the highest common divisor of w and 40?
20
Let h = -430 - -379. Let d be h/(-9) - (-5)/15. Calculate the greatest common factor of 6 and d.
6
Suppose 1326 = 13*u - 2863 - 2103. Calculate the greatest common factor of u and 2057.
121
Let x be 657 + 1 - (9 + -5). Suppose -3*z + 21 = 5*n, -2*n + 3*z = -0*n - 21. Suppose -n*m + x = -336. What is the greatest common divisor of m and 66?
33
Let h be 10 + (-3 - (0 - (4 - 3))). Suppose -918 = -h*q - q. What is the greatest common factor of 255 and q?
51
Let x = -14388 - -14428. Let m(w) = -3*w - 1. Let z be m(-2). Calculate the highest common divisor of z and x.
5
Let c(v) = -12*v**2 + 1081*v + 171. Let t be c(89). Calculate the greatest common factor of 272 and t.
16
Let j(s) = -43*s - 5. Let d be j(-5). Suppose 5*l = -18*v + 13*v, -v = 5*l + 4. Let h be (8 + -3 + v)*5. What is the greatest common divisor of h and d?
30
Let c(i) = 115*i - 654. Let d be c(10). Calculate the highest common factor of 2604 and d.
124
Let s(h) = -82*h - 500. Let p be s(-6). Let a(n) = 4*n**2 + 27*n + 130. Let r be a(p). What is the highest common factor of 80 and r?
10
Let v(k) = k**3 - 4*k**2 - 470*k + 202. Let m be v(24). Suppose 2*f - 39 - 29 = 0. What is the greatest common factor of f and m?
34
Suppose -513 = -n - n + 3*t, 5*n - 1269 = 3*t. Let c = n + -77. Suppose 3*l = -0*l + 3*v + 75, 0 = -2*v. Calculate the greatest common divisor of c and l.
25
Let y(m) = 9*m**2 + 2*m. Suppose 5*h - 2*h = 4*k - 89, 0 = 4*k + 5*h - 129. Let q = -27 + k. Let c be y(q). What is the highest common factor of 7 and c?
7
Suppose 13 = -l - o + 32, 0 = 3*l - 3*o - 51. Suppose -l*j + 28*j = 180. Suppose 2*p = -3*p + 810. What is the greatest common factor of p and j?
18
Let n = -333 + 335. Suppose -4*h = -5*j - 746, -n*h + 12*j - 7*j + 378 = 0. What is the greatest common divisor of h and 8?
8
Suppose 43*s = -x + 39*s + 233, -3*x + 659 = 2*s. Calculate the highest common factor of 248 and x.
31
Suppose -19*t - 680 = -36*t. Suppose -7*o + 313 = -415. Calculate the highest common factor of o and t.
8
Let n = -93 + -382. Let k = 519 + n. Suppose -4*d + 2*h + 696 = 0, 2*d - h = -2*h + 356. Calculate the highest common factor of k and d.
44
Suppose 0 = -8*d - 635 - 685. Let b be (d + -2 - 5)*(-3)/12. What is the greatest common factor of b and 172?
43
Let u = 318 + -217. Suppose -o - 51 = -2*d, -5*d = -d - o - u. Let y = d + 29. What is the greatest common divisor of 18 and y?
18
Let x be 189/18*4/(-3). Let h be 2 + 35 + (x - -10). What is the greatest common factor of 77 and h?
11
Let i = 176 + -172. Let t(x) = 2*x**2 + 4*x + 4. Let l be t(i). Calculate the greatest common divisor of 52 and l.
52
Suppose 8*b + 16570 - 51556 = b. Calculate the highest common factor of b and 68.
34
Let j be (-6 - -2) + (2 - 3 - 2). Let c = 19 + j. Let p(m) = m**2 + m - 2. Let v be p(-5). What is the highest common factor of c and v?
6
Suppose -22*j + 17*j + 3*h = -258, 5*j - h = 246. Calculate the greatest common factor of j and 1072.
16
Suppose 30*d + 45433 = 38*d + x, -5*d + 4*x = -28428. What is the greatest common factor of 30 and d?
10
Let z = -2465 - -2790. Calculate the greatest common divisor of z and 13.
13
Suppose 0 = m - 4*h + 10, -2*m + 4*h - 8 = -0. Suppose 162 = 5*g + m. Let k be 7/((-21)/(-12))*764/191. What is the highest common factor of g and k?
16
Suppose 3*d = -5*g - 981, -327 = d - 0*d -